{"id":1523,"date":"2016-11-10T13:02:56","date_gmt":"2016-11-10T11:02:56","guid":{"rendered":"http:\/\/www.diter.com\/www\/?page_id=1523"},"modified":"2026-04-09T12:00:23","modified_gmt":"2026-04-09T09:00:23","slug":"kaytetyt-laitteet","status":"publish","type":"page","link":"https:\/\/diter.com\/en\/laitteet\/kaytetyt-laitteet\/","title":{"rendered":"Used devices"},"content":{"rendered":"<div id=\"pl-1523\"  class=\"panel-layout\" ><div id=\"pg-1523-0\"  class=\"panel-grid panel-no-style\" ><div id=\"pgc-1523-0-0\"  class=\"panel-grid-cell\" ><div id=\"panel-1523-0-0-0\" class=\"so-panel widget widget_black-studio-tinymce widget_black_studio_tinymce panel-first-child panel-last-child\" data-index=\"0\" ><h3 class=\"widget-title\">Old ones to exchange and new ones to replace <\/h3><div class=\"textwidget\"><p>Oletko vaihtamassa alaa tai j\u00e4\u00e4m\u00e4ss\u00e4 el\u00e4kkeelle? L\u00f6ytyyk\u00f6 sinulta k\u00e4ytetty Diter tai Ditelle -laite? Mietitk\u00f6 k\u00e4ytetyn laitteen hankintaa?<\/p>\n<ul>\n<li>We are happy to help in finding a new home for our devices by connecting the seller and potential buyers free of charge \ud83d\ude42<\/li>\n<\/ul>\n<p>Lis\u00e4tietoja k\u00e4ytetyn laitteen myymisest\u00e4 ja ostamisesta voi my\u00f6s kysell\u00e4 meilt\u00e4 s\u00e4hk\u00f6postitse <a href=\"mailto:mail@diter.com\">mail@diter.com<\/a><\/p>\n<p><strong><em>NOTE! When the device or product has changed hands, please let us know. That way the announcements are not here for nothing.<br \/>\nIt is also a good to inform us of the serial number of the device and the new location for warranty information. Thank you :)<\/em><\/strong><\/p>\n<\/div><\/div><\/div><\/div><div id=\"pg-1523-1\"  class=\"panel-grid panel-no-style\" ><div id=\"pgc-1523-1-0\"  class=\"panel-grid-cell\" ><div id=\"panel-1523-1-0-0\" class=\"so-panel widget widget_origin_button panel-first-child panel-last-child\" data-index=\"1\" ><div class=\"origin-widget origin-widget-button origin-widget-button-simple-blue align-left\"><a href=\"https:\/\/diter.com\/en\/laitteet\/kaytetyt-laitteet\/olen-myymassa\/\" \n>\n\tOlen myym\u00e4ss\u00e4<\/a>\n<\/div><\/div><\/div><div id=\"pgc-1523-1-1\"  class=\"panel-grid-cell\" ><div id=\"panel-1523-1-1-0\" class=\"so-panel widget widget_origin_button panel-first-child panel-last-child\" data-index=\"2\" ><div class=\"origin-widget origin-widget-button origin-widget-button-simple-blue align-left\"><a href=\"https:\/\/diter.com\/en\/laitteet\/kaytetyt-laitteet\/olen-ostamassa\/\" \n>\n\tOlen ostamassa<\/a>\n<\/div><\/div><\/div><\/div><div id=\"pg-1523-2\"  class=\"panel-grid panel-no-style\" ><div id=\"pgc-1523-2-0\"  class=\"panel-grid-cell\" ><div id=\"panel-1523-2-0-0\" class=\"so-panel widget widget_black-studio-tinymce widget_black_studio_tinymce panel-first-child panel-last-child\" data-index=\"3\" ><h3 class=\"widget-title\">Device training for used devices<\/h3><div class=\"textwidget\"><div class=\"entry-content clearfix\">\n<p>Oletko ostanut Ditelle-laitteen k\u00e4ytettyn\u00e4, mutta koulutus puuttuu?<\/p>\n<p>Diter Oy is happy to organize device training for industry professionals and students, even if the equipment was not purchased directly from us.<br \/>\nKyseiset koulutukset ovat maksullisia. Jos koulutus toteutetaan asiakkaan omissa tiloissa, lis\u00e4\u00e4mme hintaan my\u00f6s matkakulut ellei toisin ole sovittu.<\/p>\n<p><strong>K\u00e4ytettyjen Ditelle-laitteiden koulutusvaihtoehdot ja hinnat:<\/strong><\/p>\n<p>ZOOM Et\u00e4koulutus max 3 tuntia: <strong>70,00 \u20ac alv 0% \/ tunti<\/strong><\/p>\n<p>L\u00e4hikoulutus Kaarinassa Diter Oy:n tiloissa: <strong>280,00 \u20ac sis. alv 0% \/ p\u00e4iv\u00e4, 5-8 h.<\/strong> Osallistujien m\u00e4\u00e4r\u00e4 max 4 hl\u00f6\u00e4<\/p>\n<p>Ditelle Akatemia:<strong> 200,00 \u20ac alv 0%.<\/strong> Sis\u00e4lt\u00e4\u00e4 henkil\u00f6kohtaisen linkin kansioon. Hinta sis\u00e4lt\u00e4\u00e4 Ditelle Akatemian koko sis\u00e4ll\u00f6n k\u00e4ytt\u00f6\u00f6si 6 kuukaudeksi kerrallaan.<br \/>\nN\u00e4in sinulla on mahdollisuus oppia uutta Ditelle -laitteestasi tai kerrata vanhaa oman aikataulusi mukaan.<\/p>\n<p>Kysy lis\u00e4\u00e4 soittamalla tai s\u00e4hk\u00f6postitse <strong>mail@diter.com<\/strong><\/div>\n<\/div><\/div><\/div><\/div><\/div>","protected":false},"excerpt":{"rendered":"<p>Oletko vaihtamassa alaa tai j\u00e4\u00e4m\u00e4ss\u00e4 el\u00e4kkeelle? L\u00f6ytyyk\u00f6 sinulta k\u00e4ytetty Diter tai Ditelle -laite? Mietitk\u00f6 k\u00e4ytetyn laitteen hankintaa? Autamme mielell\u00e4mme etsim\u00e4\u00e4n laitteillemme uuden kodin ja yhdist\u00e4m\u00e4ll\u00e4 myyj\u00e4n ja potentiaaliset ostajat veloituksetta \ud83d\ude42 Lis\u00e4tietoja k\u00e4ytetyn laitteen myymisest\u00e4 ja ostamisesta voi my\u00f6s kysell\u00e4 &hellip; <a href=\"https:\/\/diter.com\/en\/laitteet\/kaytetyt-laitteet\/\">Continued<\/a><\/p>","protected":false},"author":2,"featured_media":0,"parent":5447,"menu_order":5,"comment_status":"closed","ping_status":"closed","template":"page-fullwidth.php","meta":{"footnotes":""},"class_list":["post-1523","page","type-page","status-publish","hentry"],"_links":{"self":[{"href":"https:\/\/diter.com\/en\/wp-json\/wp\/v2\/pages\/1523","targetHints":{"allow":["GET"]}}],"collection":[{"href":"https:\/\/diter.com\/en\/wp-json\/wp\/v2\/pages"}],"about":[{"href":"https:\/\/diter.com\/en\/wp-json\/wp\/v2\/types\/page"}],"author":[{"embeddable":true,"href":"https:\/\/diter.com\/en\/wp-json\/wp\/v2\/users\/2"}],"replies":[{"embeddable":true,"href":"https:\/\/diter.com\/en\/wp-json\/wp\/v2\/comments?post=1523"}],"version-history":[{"count":172,"href":"https:\/\/diter.com\/en\/wp-json\/wp\/v2\/pages\/1523\/revisions"}],"predecessor-version":[{"id":6665,"href":"https:\/\/diter.com\/en\/wp-json\/wp\/v2\/pages\/1523\/revisions\/6665"}],"up":[{"embeddable":true,"href":"https:\/\/diter.com\/en\/wp-json\/wp\/v2\/pages\/5447"}],"wp:attachment":[{"href":"https:\/\/diter.com\/en\/wp-json\/wp\/v2\/media?parent=1523"}],"curies":[{"name":"wp","href":"https:\/\/api.w.org\/{rel}","templated":true}]}}

<div id="pl-1523"  class="panel-layout" ><div id="pg-1523-0"  class="panel-grid panel-no-style" ><div id="pgc-1523-0-0"  class="panel-grid-cell" ><div id="panel-1523-0-0-0" class="so-panel widget widget_black-studio-tinymce widget_black_studio_tinymce panel-first-child panel-last-child" data-index="0" ><h3 class="widget-title">Old ones to exchange and new ones to replace </h3><div class="textwidget"><p>Oletko vaihtamassa alaa tai jäämässä eläkkeelle? Löytyykö sinulta käytetty Diter tai Ditelle -laite? Mietitkö käytetyn laitteen hankintaa?</p>
<ul>
<li>We are happy to help in finding a new home for our devices by connecting the seller and potential buyers free of charge 🙂</li>
</ul>
<p>Lisätietoja käytetyn laitteen myymisestä ja ostamisesta voi myös kysellä meiltä sähköpostitse <a href="mailto:mail@diter.com">mail@diter.com</a></p>
<p><strong><em>NOTE! When the device or product has changed hands, please let us know. That way the announcements are not here for nothing.<br />
It is also a good to inform us of the serial number of the device and the new location for warranty information. Thank you :)</em></strong></p>
</div></div></div></div><div id="pg-1523-1"  class="panel-grid panel-no-style" ><div id="pgc-1523-1-0"  class="panel-grid-cell" ><div id="panel-1523-1-0-0" class="so-panel widget widget_origin_button panel-first-child panel-last-child" data-index="1" ><div class="origin-widget origin-widget-button origin-widget-button-simple-blue align-left"><a href="https://diter.com/en/laitteet/kaytetyt-laitteet/olen-myymassa/" 
>
	Olen myymässä</a>
</div></div></div><div id="pgc-1523-1-1"  class="panel-grid-cell" ><div id="panel-1523-1-1-0" class="so-panel widget widget_origin_button panel-first-child panel-last-child" data-index="2" ><div class="origin-widget origin-widget-button origin-widget-button-simple-blue align-left"><a href="https://diter.com/en/laitteet/kaytetyt-laitteet/olen-ostamassa/" 
>
	Olen ostamassa</a>
</div></div></div></div><div id="pg-1523-2"  class="panel-grid panel-no-style" ><div id="pgc-1523-2-0"  class="panel-grid-cell" ><div id="panel-1523-2-0-0" class="so-panel widget widget_black-studio-tinymce widget_black_studio_tinymce panel-first-child panel-last-child" data-index="3" ><h3 class="widget-title">Device training for used devices</h3><div class="textwidget"><div class="entry-content clearfix">
<p>Oletko ostanut Ditelle-laitteen käytettynä, mutta koulutus puuttuu?</p>
<p>Diter Oy is happy to organize device training for industry professionals and students, even if the equipment was not purchased directly from us.<br />
Kyseiset koulutukset ovat maksullisia. Jos koulutus toteutetaan asiakkaan omissa tiloissa, lisäämme hintaan myös matkakulut ellei toisin ole sovittu.</p>
<p><strong>Käytettyjen Ditelle-laitteiden koulutusvaihtoehdot ja hinnat:</strong></p>
<p>ZOOM Etäkoulutus max 3 tuntia: <strong>70,00 € alv 0% / tunti</strong></p>
<p>Lähikoulutus Kaarinassa Diter Oy:n tiloissa: <strong>280,00 € sis. alv 0% / päivä, 5-8 h.</strong> Osallistujien määrä max 4 hlöä</p>
<p>Ditelle Akatemia:<strong> 200,00 € alv 0%.</strong> Sisältää henkilökohtaisen linkin kansioon. Hinta sisältää Ditelle Akatemian koko sisällön käyttöösi 6 kuukaudeksi kerrallaan.<br />
Näin sinulla on mahdollisuus oppia uutta Ditelle -laitteestasi tai kerrata vanhaa oman aikataulusi mukaan.</p>
<p>Kysy lisää soittamalla tai sähköpostitse <strong>mail@diter.com</strong></div>
</div></div></div></div></div>

<p>Oletko vaihtamassa alaa tai jäämässä eläkkeelle? Löytyykö sinulta käytetty Diter tai Ditelle -laite? Mietitkö käytetyn laitteen hankintaa? Autamme mielellämme etsimään laitteillemme uuden kodin ja yhdistämällä myyjän ja potentiaaliset ostajat veloituksetta 🙂 Lisätietoja käytetyn laitteen myymisestä ja ostamisesta voi myös kysellä &hellip; <a href="https://diter.com/en/laitteet/kaytetyt-laitteet/">Continued</a></p>
